{"id":730,"date":"2021-12-22T19:45:58","date_gmt":"2021-12-22T18:45:58","guid":{"rendered":"http:\/\/sigclog.cluster031.hosting.ovh.net\/?page_id=730"},"modified":"2023-01-18T09:11:05","modified_gmt":"2023-01-18T08:11:05","slug":"reglement-interieur","status":"publish","type":"page","link":"https:\/\/testnouveausite.cfaautothonon.fr\/index.php\/reglement-interieur\/","title":{"rendered":"R\u00e8glement int\u00e9rieur"},"content":{"rendered":"\t\t<div data-elementor-type=\"wp-page\" data-elementor-id=\"730\" class=\"elementor elementor-730\" data-elementor-post-type=\"page\">\n\t\t\t\t\t\t<section class=\"elementor-section elementor-top-section elementor-element elementor-element-94ee808 elementor-section-boxed elementor-section-height-default elementor-section-height-default\" data-id=\"94ee808\" data-element_type=\"section\">\n\t\t\t\t\t\t<div class=\"elementor-container elementor-column-gap-default\">\n\t\t\t\t\t<div class=\"elementor-column elementor-col-100 elementor-top-column elementor-element elementor-element-fcfed13\" data-id=\"fcfed13\" data-element_type=\"column\">\n\t\t\t<div class=\"elementor-widget-wrap elementor-element-populated\">\n\t\t\t\t\t\t<div class=\"elementor-element elementor-element-97a93f9 elementor-headline--style-highlight elementor-widget elementor-widget-animated-headline\" data-id=\"97a93f9\" data-element_type=\"widget\" data-settings=\"{&quot;marker&quot;:&quot;underline_zigzag&quot;,&quot;highlighted_text&quot;:&quot;R\\u00e8glement int\\u00e9rieur&quot;,&quot;headline_style&quot;:&quot;highlight&quot;,&quot;loop&quot;:&quot;yes&quot;,&quot;highlight_animation_duration&quot;:1200,&quot;highlight_iteration_delay&quot;:8000}\" data-widget_type=\"animated-headline.default\">\n\t\t\t\t<div class=\"elementor-widget-container\">\n\t\t\t\t\t<h3 class=\"elementor-headline\">\n\t\t\t\t<span class=\"elementor-headline-dynamic-wrapper elementor-headline-text-wrapper\">\n\t\t\t\t\t<span class=\"elementor-headline-dynamic-text elementor-headline-text-active\">R\u00e8glement int\u00e9rieur<\/span>\n\t\t\t\t<\/span>\n\t\t\t\t<\/h3>\n\t\t\t\t<\/div>\n\t\t\t\t<\/div>\n\t\t\t\t\t<\/div>\n\t\t<\/div>\n\t\t\t\t\t<\/div>\n\t\t<\/section>\n\t\t\t\t<section class=\"elementor-section elementor-top-section elementor-element elementor-element-7aaf11a elementor-section-content-middle elementor-section-boxed elementor-section-height-default elementor-section-height-default\" data-id=\"7aaf11a\" data-element_type=\"section\">\n\t\t\t\t\t\t<div class=\"elementor-container elementor-column-gap-default\">\n\t\t\t\t\t<div class=\"elementor-column elementor-col-50 elementor-top-column elementor-element elementor-element-95991a1 elementor-invisible\" data-id=\"95991a1\" data-element_type=\"column\" data-settings=\"{&quot;animation&quot;:&quot;slideInLeft&quot;}\">\n\t\t\t<div class=\"elementor-widget-wrap elementor-element-populated\">\n\t\t\t\t\t\t<div class=\"elementor-element elementor-element-ce87653 elementor-align-center elementor-widget elementor-widget-lottie\" data-id=\"ce87653\" data-element_type=\"widget\" data-settings=\"{&quot;source&quot;:&quot;external_url&quot;,&quot;source_external_url&quot;:{&quot;url&quot;:&quot;https:\\\/\\\/assets8.lottiefiles.com\\\/private_files\\\/lf30_c3gZyd.json&quot;,&quot;is_external&quot;:&quot;&quot;,&quot;nofollow&quot;:&quot;&quot;,&quot;custom_attributes&quot;:&quot;&quot;},&quot;loop&quot;:&quot;yes&quot;,&quot;link_to&quot;:&quot;none&quot;,&quot;trigger&quot;:&quot;arriving_to_viewport&quot;,&quot;viewport&quot;:{&quot;unit&quot;:&quot;%&quot;,&quot;size&quot;:&quot;&quot;,&quot;sizes&quot;:{&quot;start&quot;:0,&quot;end&quot;:100}},&quot;play_speed&quot;:{&quot;unit&quot;:&quot;px&quot;,&quot;size&quot;:1,&quot;sizes&quot;:[]},&quot;start_point&quot;:{&quot;unit&quot;:&quot;%&quot;,&quot;size&quot;:0,&quot;sizes&quot;:[]},&quot;end_point&quot;:{&quot;unit&quot;:&quot;%&quot;,&quot;size&quot;:100,&quot;sizes&quot;:[]},&quot;renderer&quot;:&quot;svg&quot;}\" data-widget_type=\"lottie.default\">\n\t\t\t\t<div class=\"elementor-widget-container\">\n\t\t\t<div class=\"e-lottie__container\"><div class=\"e-lottie__animation\"><\/div><\/div>\t\t<\/div>\n\t\t\t\t<\/div>\n\t\t\t\t\t<\/div>\n\t\t<\/div>\n\t\t\t\t<div class=\"elementor-column elementor-col-50 elementor-top-column elementor-element elementor-element-b2cf88b elementor-invisible\" data-id=\"b2cf88b\" data-element_type=\"column\" data-settings=\"{&quot;animation&quot;:&quot;slideInRight&quot;}\">\n\t\t\t<div class=\"elementor-widget-wrap elementor-element-populated\">\n\t\t\t\t\t\t<div class=\"elementor-element elementor-element-4a2f726 elementor-widget elementor-widget-text-editor\" data-id=\"4a2f726\" data-element_type=\"widget\" data-widget_type=\"text-editor.default\">\n\t\t\t\t<div class=\"elementor-widget-container\">\n\t\t\t\t\t\t\t<p><span style=\"font-weight: 400;\">Le CFA dispense aux jeunes <\/span><span style=\"font-weight: 400;\">apprenti(e)s<\/span><span style=\"font-weight: 400;\"> sous contrat d&rsquo;apprentissage, une formation g\u00e9n\u00e9rale, technologique et pratique.<\/span><\/p><p><span style=\"font-weight: 400;\">La partie pratique vient compl\u00e9ter la formation re\u00e7ue en entreprise et s&rsquo;articule avec elle. L&#8217;employeur s&rsquo;engage \u00e0 respecter l&rsquo;alternance afin que l&rsquo;apprenti(e) puisse b\u00e9n\u00e9ficier de la formation dispens\u00e9e par le CFA.<\/span><\/p><p><span style=\"font-weight: 400;\">Le CFA des m\u00e9tiers de l\u2019automobile de Thonon est un centre de formation \u00e0 taille humaine, familial.<\/span><\/p><p><span style=\"font-weight: 400;\">Nos apprenti(e)s ont une place importante et participent au fonctionnement du CFA\u00a0: les d\u00e9l\u00e9gu\u00e9s si\u00e8gent aux conseils de classe. Un repr\u00e9sentant des apprenti(e)s participe au conseil de perfectionnement, conseil qui se r\u00e9unit 2 fois par an pour traiter des sujets propres \u00e0 la vie du centre de formation. Ce m\u00eame repr\u00e9sentant si\u00e8ge aussi \u00e0 la commission disciplinaire.<\/span><\/p>\t\t\t\t\t\t<\/div>\n\t\t\t\t<\/div>\n\t\t\t\t\t<\/div>\n\t\t<\/div>\n\t\t\t\t\t<\/div>\n\t\t<\/section>\n\t\t\t\t<section class=\"elementor-section elementor-top-section elementor-element elementor-element-0f6ea8f elementor-section-boxed elementor-section-height-default elementor-section-height-default\" data-id=\"0f6ea8f\" data-element_type=\"section\">\n\t\t\t\t\t\t<div class=\"elementor-container elementor-column-gap-default\">\n\t\t\t\t\t<div class=\"elementor-column elementor-col-100 elementor-top-column elementor-element elementor-element-084bc79\" data-id=\"084bc79\" data-element_type=\"column\">\n\t\t\t<div class=\"elementor-widget-wrap elementor-element-populated\">\n\t\t\t\t\t\t<div class=\"elementor-element elementor-element-634fd33 elementor-widget elementor-widget-text-editor\" data-id=\"634fd33\" data-element_type=\"widget\" data-widget_type=\"text-editor.default\">\n\t\t\t\t<div class=\"elementor-widget-container\">\n\t\t\t\t\t\t\t<p><span style=\"font-weight: 400;\">Un livret de formation suit le parcours de l\u2019apprenti(e) tout au long de sa formation tant en entreprise qu\u2019au CFA. La progression, les notes, les th\u00e8mes abord\u00e9s, l\u2019assiduit\u00e9 tout y est not\u00e9 (retranscrit). Ce livret transite entre le CFA, la famille, et le ma\u00eetre d\u2019apprentissage en entreprise.<\/span><\/p><p><span style=\"font-weight: 400;\">Une plate-forme d\u2019\u00e9changes (Teams )est \u00e0 disposition de tous nos apprenti(e)s. Les cours, les devoirs \u00e0 faire, les cours en visio, les \u00e9changes avec leurs formateurs de chaque. Tout se passe sur TEAMS.\u00a0<\/span><\/p><p><span style=\"font-weight: 400;\">Les modalit\u00e9s de connexion sont donn\u00e9es d\u00e8s la rentr\u00e9e scolaire.<\/span><\/p><p><span style=\"font-weight: 400;\">Le contrat d\u2019apprentissage est un contrat de travail, les apprenti(e)s sont donc salari\u00e9(e)s. Ils sont au CFA comme s\u2019ils \u00e9taient sur leur lieu de travail.<\/span><\/p><p><span style=\"font-weight: 400;\">Les apprenti(e)s ont droit \u00e0 5 semaines de cong\u00e9s pay\u00e9s (\u00e0 prendre en dehors de session au CFA).<\/span><\/p>\t\t\t\t\t\t<\/div>\n\t\t\t\t<\/div>\n\t\t\t\t<div class=\"elementor-element elementor-element-635cdb0 elementor-widget elementor-widget-heading\" data-id=\"635cdb0\" data-element_type=\"widget\" data-widget_type=\"heading.default\">\n\t\t\t\t<div class=\"elementor-widget-container\">\n\t\t\t<h4 class=\"elementor-heading-title elementor-size-default\">Un comportement professionnel est donc attendu de tous nos apprenti(e)s.<\/h4>\t\t<\/div>\n\t\t\t\t<\/div>\n\t\t\t\t<section class=\"elementor-section elementor-inner-section elementor-element elementor-element-2fe923d elementor-section-boxed elementor-section-height-default elementor-section-height-default\" data-id=\"2fe923d\" data-element_type=\"section\">\n\t\t\t\t\t\t<div class=\"elementor-container elementor-column-gap-wider\">\n\t\t\t\t\t<div class=\"elementor-column elementor-col-50 elementor-inner-column elementor-element elementor-element-102353f elementor-invisible\" data-id=\"102353f\" data-element_type=\"column\" data-settings=\"{&quot;animation&quot;:&quot;slideInLeft&quot;}\">\n\t\t\t<div class=\"elementor-widget-wrap elementor-element-populated\">\n\t\t\t\t\t\t<div class=\"elementor-element elementor-element-ae3e779 elementor-widget elementor-widget-heading\" data-id=\"ae3e779\" data-element_type=\"widget\" data-widget_type=\"heading.default\">\n\t\t\t\t<div class=\"elementor-widget-container\">\n\t\t\t<h4 class=\"elementor-heading-title elementor-size-default\">Ponctualit\u00e9 et assiduit\u00e9<\/h4>\t\t<\/div>\n\t\t\t\t<\/div>\n\t\t\t\t<div class=\"elementor-element elementor-element-0acd5cf elementor-widget elementor-widget-text-editor\" data-id=\"0acd5cf\" data-element_type=\"widget\" data-widget_type=\"text-editor.default\">\n\t\t\t\t<div class=\"elementor-widget-container\">\n\t\t\t\t\t\t\t<p><span style=\"font-weight: 400;\">La ponctualit\u00e9 et l\u2019assiduit\u00e9 font donc partie des comportements attendus de nos apprenti(e)s au CFA.<\/span><\/p><p><span style=\"font-weight: 400;\">Le non-respect des r\u00e8gles de ponctualit\u00e9 et d\u2019assiduit\u00e9 pourra donner lieu \u00e0 la mise en \u0153uvre de proc\u00e9dures disciplinaires. Tous retards ou absences devront \u00eatre signal\u00e9s d\u00e8s que possible \u00e0 l\u2019accueil du CFA (04.50.70.36.69).<\/span><\/p><p><span style=\"font-weight: 400;\">Le r\u00e8glement int\u00e9rieur d\u00e9taillant toutes les r\u00e8gles de vie sera remis \u00e0 chaque apprenti(e) le jour de la rentr\u00e9e pour acceptation.<\/span><\/p><p><span style=\"font-weight: 400;\">Avoir son mat\u00e9riel fait aussi partie des comportements attendus. Les manuels, l\u2019\u00e9quipement professionnel, les fournitures, la tenue d\u2019EPS, <\/span><span style=\"font-weight: 400;\">une attention particuli\u00e8re sera observ\u00e9e pour les oublis<\/span><span style=\"font-weight: 400;\">.<\/span><\/p><p><span style=\"font-weight: 400;\">\u00a0<\/span><\/p>\t\t\t\t\t\t<\/div>\n\t\t\t\t<\/div>\n\t\t\t\t\t<\/div>\n\t\t<\/div>\n\t\t\t\t<div class=\"elementor-column elementor-col-50 elementor-inner-column elementor-element elementor-element-965c535 elementor-invisible\" data-id=\"965c535\" data-element_type=\"column\" data-settings=\"{&quot;animation&quot;:&quot;slideInRight&quot;}\">\n\t\t\t<div class=\"elementor-widget-wrap elementor-element-populated\">\n\t\t\t\t\t\t<div class=\"elementor-element elementor-element-2a475cf elementor-align-center elementor-widget elementor-widget-lottie\" data-id=\"2a475cf\" data-element_type=\"widget\" data-settings=\"{&quot;source&quot;:&quot;external_url&quot;,&quot;source_external_url&quot;:{&quot;url&quot;:&quot;https:\\\/\\\/assets7.lottiefiles.com\\\/packages\\\/lf20_i7hrnwtj.json&quot;,&quot;is_external&quot;:&quot;&quot;,&quot;nofollow&quot;:&quot;&quot;,&quot;custom_attributes&quot;:&quot;&quot;},&quot;loop&quot;:&quot;yes&quot;,&quot;link_to&quot;:&quot;none&quot;,&quot;trigger&quot;:&quot;arriving_to_viewport&quot;,&quot;viewport&quot;:{&quot;unit&quot;:&quot;%&quot;,&quot;size&quot;:&quot;&quot;,&quot;sizes&quot;:{&quot;start&quot;:0,&quot;end&quot;:100}},&quot;play_speed&quot;:{&quot;unit&quot;:&quot;px&quot;,&quot;size&quot;:1,&quot;sizes&quot;:[]},&quot;start_point&quot;:{&quot;unit&quot;:&quot;%&quot;,&quot;size&quot;:0,&quot;sizes&quot;:[]},&quot;end_point&quot;:{&quot;unit&quot;:&quot;%&quot;,&quot;size&quot;:100,&quot;sizes&quot;:[]},&quot;renderer&quot;:&quot;svg&quot;}\" data-widget_type=\"lottie.default\">\n\t\t\t\t<div class=\"elementor-widget-container\">\n\t\t\t<div class=\"e-lottie__container\"><div class=\"e-lottie__animation\"><\/div><\/div>\t\t<\/div>\n\t\t\t\t<\/div>\n\t\t\t\t\t<\/div>\n\t\t<\/div>\n\t\t\t\t\t<\/div>\n\t\t<\/section>\n\t\t\t\t\t<\/div>\n\t\t<\/div>\n\t\t\t\t\t<\/div>\n\t\t<\/section>\n\t\t\t\t<section class=\"elementor-section elementor-top-section elementor-element elementor-element-6d36aa3 elementor-section-boxed elementor-section-height-default elementor-section-height-default\" data-id=\"6d36aa3\" data-element_type=\"section\">\n\t\t\t\t\t\t<div class=\"elementor-container elementor-column-gap-default\">\n\t\t\t\t\t<div class=\"elementor-column elementor-col-100 elementor-top-column elementor-element elementor-element-0d333b9\" data-id=\"0d333b9\" data-element_type=\"column\">\n\t\t\t<div class=\"elementor-widget-wrap elementor-element-populated\">\n\t\t\t\t\t\t<div class=\"elementor-element elementor-element-fe4ebf3 elementor-widget elementor-widget-spacer\" data-id=\"fe4ebf3\" data-element_type=\"widget\" data-widget_type=\"spacer.default\">\n\t\t\t\t<div class=\"elementor-widget-container\">\n\t\t\t\t\t<div class=\"elementor-spacer\">\n\t\t\t<div class=\"elementor-spacer-inner\"><\/div>\n\t\t<\/div>\n\t\t\t\t<\/div>\n\t\t\t\t<\/div>\n\t\t\t\t\t<\/div>\n\t\t<\/div>\n\t\t\t\t\t<\/div>\n\t\t<\/section>\n\t\t\t\t<\/div>\n\t\t","protected":false},"excerpt":{"rendered":"<p>R\u00e8glement int\u00e9rieur Le CFA dispense aux jeunes apprenti(e)s sous contrat d&rsquo;apprentissage, une formation g\u00e9n\u00e9rale, technologique et pratique. La partie pratique vient compl\u00e9ter la formation re\u00e7ue en entreprise et s&rsquo;articule avec elle. L&#8217;employeur s&rsquo;engage \u00e0 respecter l&rsquo;alternance afin que l&rsquo;apprenti(e) puisse b\u00e9n\u00e9ficier de la formation dispens\u00e9e par le CFA. Le CFA des m\u00e9tiers de l\u2019automobile de [&hellip;]<\/p>\n","protected":false},"author":1,"featured_media":0,"parent":0,"menu_order":0,"comment_status":"closed","ping_status":"closed","template":"","meta":{"footnotes":""},"class_list":["post-730","page","type-page","status-publish","hentry"],"_links":{"self":[{"href":"https:\/\/testnouveausite.cfaautothonon.fr\/index.php\/wp-json\/wp\/v2\/pages\/730","targetHints":{"allow":["GET"]}}],"collection":[{"href":"https:\/\/testnouveausite.cfaautothonon.fr\/index.php\/wp-json\/wp\/v2\/pages"}],"about":[{"href":"https:\/\/testnouveausite.cfaautothonon.fr\/index.php\/wp-json\/wp\/v2\/types\/page"}],"author":[{"embeddable":true,"href":"https:\/\/testnouveausite.cfaautothonon.fr\/index.php\/wp-json\/wp\/v2\/users\/1"}],"replies":[{"embeddable":true,"href":"https:\/\/testnouveausite.cfaautothonon.fr\/index.php\/wp-json\/wp\/v2\/comments?post=730"}],"version-history":[{"count":8,"href":"https:\/\/testnouveausite.cfaautothonon.fr\/index.php\/wp-json\/wp\/v2\/pages\/730\/revisions"}],"predecessor-version":[{"id":3105,"href":"https:\/\/testnouveausite.cfaautothonon.fr\/index.php\/wp-json\/wp\/v2\/pages\/730\/revisions\/3105"}],"wp:attachment":[{"href":"https:\/\/testnouveausite.cfaautothonon.fr\/index.php\/wp-json\/wp\/v2\/media?parent=730"}],"curies":[{"name":"wp","href":"https:\/\/api.w.org\/{rel}","templated":true}]}}